{"id":77,"date":"2015-09-09T09:04:26","date_gmt":"2015-09-09T08:04:26","guid":{"rendered":"http:\/\/camping-les-clos.fr\/camping\/?page_id=77"},"modified":"2018-03-17T19:48:42","modified_gmt":"2018-03-17T18:48:42","slug":"liens-link","status":"publish","type":"page","link":"http:\/\/camping-les-clos.fr\/camping\/liens-link\/","title":{"rendered":"Liens \/ Link"},"content":{"rendered":"<h2><a href=\"http:\/\/www.visitvar.fr\/?s=bagnols\" target=\"_blank\">Visitez le d\u00e9partement du Var<\/a><\/h2>\n<h2><a href=\"https:\/\/www.visitvar.fr\/noesit\/!\/fiche\/bagnols-en-foret-4699252\/\" target=\"_blank\">Village de Bagnols-en-For\u00eat<\/a><\/h2>\n<h2><a href=\"https:\/\/www.bagnolsenforet.fr\/\" target=\"_blank\">Mairie de Bagnols-en-For\u00eat<\/a><\/h2>\n<h2><\/h2>\n","protected":false},"excerpt":{"rendered":"<p>Visitez le d\u00e9partement du Var Village de Bagnols-en-For\u00eat Mairie de Bagnols-en-For\u00eat<\/p>\n","protected":false},"author":1,"featured_media":0,"parent":0,"menu_order":0,"comment_status":"closed","ping_status":"closed","template":"","meta":[],"_links":{"self":[{"href":"http:\/\/camping-les-clos.fr\/camping\/wp-json\/wp\/v2\/pages\/77"}],"collection":[{"href":"http:\/\/camping-les-clos.fr\/camping\/wp-json\/wp\/v2\/pages"}],"about":[{"href":"http:\/\/camping-les-clos.fr\/camping\/wp-json\/wp\/v2\/types\/page"}],"author":[{"embeddable":true,"href":"http:\/\/camping-les-clos.fr\/camping\/wp-json\/wp\/v2\/users\/1"}],"replies":[{"embeddable":true,"href":"http:\/\/camping-les-clos.fr\/camping\/wp-json\/wp\/v2\/comments?post=77"}],"version-history":[{"count":8,"href":"http:\/\/camping-les-clos.fr\/camping\/wp-json\/wp\/v2\/pages\/77\/revisions"}],"predecessor-version":[{"id":217,"href":"http:\/\/camping-les-clos.fr\/camping\/wp-json\/wp\/v2\/pages\/77\/revisions\/217"}],"wp:attachment":[{"href":"http:\/\/camping-les-clos.fr\/camping\/wp-json\/wp\/v2\/media?parent=77"}],"curies":[{"name":"wp","href":"https:\/\/api.w.org\/{rel}","templated":true}]}}