{"id":67,"date":"2015-09-09T08:36:06","date_gmt":"2015-09-09T07:36:06","guid":{"rendered":"http:\/\/camping-les-clos.fr\/camping\/?page_id=67"},"modified":"2023-05-08T19:33:36","modified_gmt":"2023-05-08T18:33:36","slug":"accueil","status":"publish","type":"page","link":"http:\/\/camping-les-clos.fr\/camping\/","title":{"rendered":"Accueil \/ Home"},"content":{"rendered":"<h4>A 18 km des rivages de la mer M\u00e9diterran\u00e9e, le Camping les Clos vous propose le cadre agr\u00e9able et calme de la campagne avec la proximit\u00e9 des lieux embl\u00e9matiques de la C\u00f4te d&rsquo;Azur.<\/h4>\n<style type=\"text\/css\">.easingslider-165 { max-width: 1600px; }.easingslider-165 .easingslider-image { max-height: 500px; max-width: 1600px; }.easingslider-165 .easingslider-fade-in, .easingslider-fade-out { -webkit-animation-duration: 400ms; -moz-animation-duration: 400ms; animation-duration: 400ms; }<\/style><script type=\"text\/javascript\">window.EasingSlider165 = {\"width\":1600,\"height\":500,\"singleItem\":true,\"items\":1,\"itemsDesktop\":false,\"itemsDesktopSmall\":false,\"itemsTablet\":false,\"itemsTabletSmall\":false,\"itemsMobile\":false,\"responsive\":true,\"lazyLoad\":true,\"autoPlay\":4000,\"slideSpeed\":400,\"navigation\":true,\"navigationText\":[\"\",\"\"],\"pagination\":true,\"autoHeight\":false,\"mouseDrag\":false,\"touchDrag\":false,\"addClassActive\":true,\"transitionStyle\":\"fade\"};<\/script><div data-id=\"165\" class=\"easingslider easingslider-165 easingslider-container easingslider-resizing-enabled easingslider-aspect-ratio easingslider-arrows-inside easingslider-pagination-inside easingslider-pagination-bottom-center\"><div class=\"easingslider-slide\"><a href=\"none\" target=\"\"><img src=\"http:\/\/camping-les-clos.fr\/camping\/wp-content\/plugins\/easing-slider\/assets\/images\/placeholder-pixel.png\" data-src=\"http:\/\/camping-les-clos.fr\/camping\/wp-content\/uploads\/2015\/09\/bandeau03-1600x500.jpg\" alt=\"\" title=\"\" class=\"easingslider-image easingslider-lazy\" \/><\/a><\/div><div class=\"easingslider-slide\"><a href=\"none\" target=\"\"><img src=\"http:\/\/camping-les-clos.fr\/camping\/wp-content\/plugins\/easing-slider\/assets\/images\/placeholder-pixel.png\" data-src=\"http:\/\/camping-les-clos.fr\/camping\/wp-content\/uploads\/2015\/09\/bandeau04-1600x500.jpg\" alt=\"\" title=\"\" class=\"easingslider-image easingslider-lazy\" \/><\/a><\/div><div class=\"easingslider-slide\"><a href=\"none\" target=\"\"><img src=\"http:\/\/camping-les-clos.fr\/camping\/wp-content\/plugins\/easing-slider\/assets\/images\/placeholder-pixel.png\" data-src=\"http:\/\/camping-les-clos.fr\/camping\/wp-content\/uploads\/2015\/09\/bandeau05-1600x500.jpg\" alt=\"\" title=\"\" class=\"easingslider-image easingslider-lazy\" \/><\/a><\/div><div class=\"easingslider-slide\"><a href=\"none\" target=\"\"><img src=\"http:\/\/camping-les-clos.fr\/camping\/wp-content\/plugins\/easing-slider\/assets\/images\/placeholder-pixel.png\" data-src=\"http:\/\/camping-les-clos.fr\/camping\/wp-content\/uploads\/2015\/09\/bandeau06-1600x500.jpg\" alt=\"\" title=\"\" class=\"easingslider-image easingslider-lazy\" \/><\/a><\/div><div class=\"easingslider-slide\"><a href=\"none\" target=\"\"><img src=\"http:\/\/camping-les-clos.fr\/camping\/wp-content\/plugins\/easing-slider\/assets\/images\/placeholder-pixel.png\" data-src=\"http:\/\/camping-les-clos.fr\/camping\/wp-content\/uploads\/2015\/09\/bandeau07-1600x500.jpg\" alt=\"\" title=\"\" class=\"easingslider-image easingslider-lazy\" \/><\/a><\/div><div class=\"easingslider-slide\"><a href=\"none\" target=\"\"><img src=\"http:\/\/camping-les-clos.fr\/camping\/wp-content\/plugins\/easing-slider\/assets\/images\/placeholder-pixel.png\" data-src=\"http:\/\/camping-les-clos.fr\/camping\/wp-content\/uploads\/2015\/09\/bandeau08-1600x500.jpg\" alt=\"\" title=\"\" class=\"easingslider-image easingslider-lazy\" \/><\/a><\/div><div class=\"easingslider-slide\"><a href=\"none\" target=\"\"><img src=\"http:\/\/camping-les-clos.fr\/camping\/wp-content\/plugins\/easing-slider\/assets\/images\/placeholder-pixel.png\" data-src=\"http:\/\/camping-les-clos.fr\/camping\/wp-content\/uploads\/2015\/09\/bandeau09-1600x500.jpg\" alt=\"\" title=\"\" class=\"easingslider-image easingslider-lazy\" \/><\/a><\/div><div class=\"easingslider-slide\"><a href=\"none\" target=\"\"><img src=\"http:\/\/camping-les-clos.fr\/camping\/wp-content\/plugins\/easing-slider\/assets\/images\/placeholder-pixel.png\" data-src=\"http:\/\/camping-les-clos.fr\/camping\/wp-content\/uploads\/2015\/09\/bandeau10-1600x500.jpg\" alt=\"\" title=\"\" class=\"easingslider-image easingslider-lazy\" \/><\/a><\/div><div class=\"easingslider-slide\"><a href=\"none\" target=\"\"><img src=\"http:\/\/camping-les-clos.fr\/camping\/wp-content\/plugins\/easing-slider\/assets\/images\/placeholder-pixel.png\" data-src=\"http:\/\/camping-les-clos.fr\/camping\/wp-content\/uploads\/2015\/09\/bandeau11-1600x500.jpg\" alt=\"\" title=\"\" class=\"easingslider-image easingslider-lazy\" \/><\/a><\/div><\/div>\n","protected":false},"excerpt":{"rendered":"<p>A 18 km des rivages de la mer M\u00e9diterran\u00e9e, le Camping les Clos vous propose le cadre agr\u00e9able et calme de la campagne avec la proximit\u00e9 des lieux embl\u00e9matiques de la C\u00f4te d&rsquo;Azur.<\/p>\n","protected":false},"author":1,"featured_media":0,"parent":0,"menu_order":0,"comment_status":"closed","ping_status":"closed","template":"","meta":[],"_links":{"self":[{"href":"http:\/\/camping-les-clos.fr\/camping\/wp-json\/wp\/v2\/pages\/67"}],"collection":[{"href":"http:\/\/camping-les-clos.fr\/camping\/wp-json\/wp\/v2\/pages"}],"about":[{"href":"http:\/\/camping-les-clos.fr\/camping\/wp-json\/wp\/v2\/types\/page"}],"author":[{"embeddable":true,"href":"http:\/\/camping-les-clos.fr\/camping\/wp-json\/wp\/v2\/users\/1"}],"replies":[{"embeddable":true,"href":"http:\/\/camping-les-clos.fr\/camping\/wp-json\/wp\/v2\/comments?post=67"}],"version-history":[{"count":5,"href":"http:\/\/camping-les-clos.fr\/camping\/wp-json\/wp\/v2\/pages\/67\/revisions"}],"predecessor-version":[{"id":252,"href":"http:\/\/camping-les-clos.fr\/camping\/wp-json\/wp\/v2\/pages\/67\/revisions\/252"}],"wp:attachment":[{"href":"http:\/\/camping-les-clos.fr\/camping\/wp-json\/wp\/v2\/media?parent=67"}],"curies":[{"name":"wp","href":"https:\/\/api.w.org\/{rel}","templated":true}]}}

<h4>A 18 km des rivages de la mer Méditerranée, le Camping les Clos vous propose le cadre agréable et calme de la campagne avec la proximité des lieux emblématiques de la Côte d&rsquo;Azur.</h4>
<style type="text/css">.easingslider-165 { max-width: 1600px; }.easingslider-165 .easingslider-image { max-height: 500px; max-width: 1600px; }.easingslider-165 .easingslider-fade-in, .easingslider-fade-out { -webkit-animation-duration: 400ms; -moz-animation-duration: 400ms; animation-duration: 400ms; }</style><script type="text/javascript">window.EasingSlider165 = {"width":1600,"height":500,"singleItem":true,"items":1,"itemsDesktop":false,"itemsDesktopSmall":false,"itemsTablet":false,"itemsTabletSmall":false,"itemsMobile":false,"responsive":true,"lazyLoad":true,"autoPlay":4000,"slideSpeed":400,"navigation":true,"navigationText":["",""],"pagination":true,"autoHeight":false,"mouseDrag":false,"touchDrag":false,"addClassActive":true,"transitionStyle":"fade"};</script><div data-id="165" class="easingslider easingslider-165 easingslider-container easingslider-resizing-enabled easingslider-aspect-ratio easingslider-arrows-inside easingslider-pagination-inside easingslider-pagination-bottom-center"><div class="easingslider-slide"><a href="none" target=""><img src="http://camping-les-clos.fr/camping/wp-content/plugins/easing-slider/assets/images/placeholder-pixel.png" data-src="http://camping-les-clos.fr/camping/wp-content/uploads/2015/09/bandeau03-1600x500.jpg" alt="" title="" class="easingslider-image easingslider-lazy" /></a></div><div class="easingslider-slide"><a href="none" target=""><img src="http://camping-les-clos.fr/camping/wp-content/plugins/easing-slider/assets/images/placeholder-pixel.png" data-src="http://camping-les-clos.fr/camping/wp-content/uploads/2015/09/bandeau04-1600x500.jpg" alt="" title="" class="easingslider-image easingslider-lazy" /></a></div><div class="easingslider-slide"><a href="none" target=""><img src="http://camping-les-clos.fr/camping/wp-content/plugins/easing-slider/assets/images/placeholder-pixel.png" data-src="http://camping-les-clos.fr/camping/wp-content/uploads/2015/09/bandeau05-1600x500.jpg" alt="" title="" class="easingslider-image easingslider-lazy" /></a></div><div class="easingslider-slide"><a href="none" target=""><img src="http://camping-les-clos.fr/camping/wp-content/plugins/easing-slider/assets/images/placeholder-pixel.png" data-src="http://camping-les-clos.fr/camping/wp-content/uploads/2015/09/bandeau06-1600x500.jpg" alt="" title="" class="easingslider-image easingslider-lazy" /></a></div><div class="easingslider-slide"><a href="none" target=""><img src="http://camping-les-clos.fr/camping/wp-content/plugins/easing-slider/assets/images/placeholder-pixel.png" data-src="http://camping-les-clos.fr/camping/wp-content/uploads/2015/09/bandeau07-1600x500.jpg" alt="" title="" class="easingslider-image easingslider-lazy" /></a></div><div class="easingslider-slide"><a href="none" target=""><img src="http://camping-les-clos.fr/camping/wp-content/plugins/easing-slider/assets/images/placeholder-pixel.png" data-src="http://camping-les-clos.fr/camping/wp-content/uploads/2015/09/bandeau08-1600x500.jpg" alt="" title="" class="easingslider-image easingslider-lazy" /></a></div><div class="easingslider-slide"><a href="none" target=""><img src="http://camping-les-clos.fr/camping/wp-content/plugins/easing-slider/assets/images/placeholder-pixel.png" data-src="http://camping-les-clos.fr/camping/wp-content/uploads/2015/09/bandeau09-1600x500.jpg" alt="" title="" class="easingslider-image easingslider-lazy" /></a></div><div class="easingslider-slide"><a href="none" target=""><img src="http://camping-les-clos.fr/camping/wp-content/plugins/easing-slider/assets/images/placeholder-pixel.png" data-src="http://camping-les-clos.fr/camping/wp-content/uploads/2015/09/bandeau10-1600x500.jpg" alt="" title="" class="easingslider-image easingslider-lazy" /></a></div><div class="easingslider-slide"><a href="none" target=""><img src="http://camping-les-clos.fr/camping/wp-content/plugins/easing-slider/assets/images/placeholder-pixel.png" data-src="http://camping-les-clos.fr/camping/wp-content/uploads/2015/09/bandeau11-1600x500.jpg" alt="" title="" class="easingslider-image easingslider-lazy" /></a></div></div>

<p>A 18 km des rivages de la mer Méditerranée, le Camping les Clos vous propose le cadre agréable et calme de la campagne avec la proximité des lieux emblématiques de la Côte d&rsquo;Azur.</p>
